{"id":158,"date":"2023-12-11T19:48:41","date_gmt":"2023-12-11T19:48:41","guid":{"rendered":"https:\/\/optimus.qsandbox.com\/zqs\/qbcj\/site\/zakra-yoga\/?page_id=152"},"modified":"2025-10-30T12:50:46","modified_gmt":"2025-10-30T11:50:46","slug":"inscriptions","status":"publish","type":"page","link":"https:\/\/pointencoeurs.fr\/index.php\/inscriptions\/","title":{"rendered":"INSCRIPTIONS"},"content":{"rendered":"\n<div class=\"alignfull blockart-section blockart-section-b0be131a alignfull\"><div class=\"blockart-container\"><div class=\"blockart-section-inner\">\n<div class=\"blockart-column blockart-column-8d62885d\"><div class=\"blockart-column-inner\">\n<div class=\"blockart-spacing blockart-spacing-e1b068d6\"><div class=\"blockart-spacing-inner\"><\/div><\/div>\n\n\n\n<figure class=\"blockart-image blockart-image-5e24651c\"><img loading=\"lazy\" decoding=\"async\" width=\"1749\" height=\"2186\" class=\"wp-image-2015 hover-effect-static filter-none mask mask-none\" src=\"https:\/\/pointencoeurs.fr\/wp-content\/uploads\/2025\/07\/Inscriptions-2.jpg\" alt=\"\" srcset=\"https:\/\/pointencoeurs.fr\/wp-content\/uploads\/2025\/07\/Inscriptions-2.jpg 1749w, https:\/\/pointencoeurs.fr\/wp-content\/uploads\/2025\/07\/Inscriptions-2-240x300.jpg 240w, https:\/\/pointencoeurs.fr\/wp-content\/uploads\/2025\/07\/Inscriptions-2-819x1024.jpg 819w, https:\/\/pointencoeurs.fr\/wp-content\/uploads\/2025\/07\/Inscriptions-2-768x960.jpg 768w, https:\/\/pointencoeurs.fr\/wp-content\/uploads\/2025\/07\/Inscriptions-2-1229x1536.jpg 1229w, https:\/\/pointencoeurs.fr\/wp-content\/uploads\/2025\/07\/Inscriptions-2-1639x2048.jpg 1639w\" sizes=\"auto, (max-width: 1749px) 100vw, 1749px\" \/><\/figure>\n\n\n\n<div class=\"blockart-spacing blockart-spacing-c9d1bb4a\"><div class=\"blockart-spacing-inner\"><\/div><\/div>\n\n\n\n<p class=\"blockart-paragraph blockart-paragraph-c8555749\">L&rsquo;adh\u00e9sion annuelle 2025-2026 commencera\u00a0le 1<sup>er<\/sup>\u00a0septembre 2025 et se terminera le 31 ao\u00fbt 2026.<br><br><strong>COMMENT S&rsquo;INSCRIRE ?<\/strong><br><br>L&rsquo;inscription se d\u00e9roule sur la plateforme de paiement 100% s\u00e9curis\u00e9e, <strong>HELLOASSO<\/strong> en cliquant sur le bouton situ\u00e9 tout en bas de la page.<br><br>Veuillez bien lire ce qui suit.<br><br>Vous devrez renseigner :<br><br><strong>LE TARIF<\/strong><br>L&rsquo;adh\u00e9sion annuelle loisir est \u00e0\u00a035 \u20ac \u00e0 tarif unique <strong>sans proratisation<\/strong>.<br><br>Remarque : vous pouvez \u00e9galement faire un don \u00e0 l&rsquo;association lors de votre inscription si vous le souhaitez.<br><br><strong>LES INFORMATIONS PERSONNELLES ET M\u00c9DICALES<\/strong><br>Toutes les informations de votre profil sont \u00e0 saisir.<br>Pensez \u00e0 bien renseigner votre N\u00b0 de t\u00e9l\u00e9phone mobile, adresse postale et e-mail de contact.<br><br><strong>&#8211; Photo<\/strong><br>La photo est obligatoire et doit \u00eatre de type format d\u2019identit\u00e9, c&rsquo;est-\u00e0-dire\u00a0photo de visage en portrait\u00a0prise de face \u00e0 l&rsquo;endroit, reconnaissable et visible, sans accessoires tels que casquette, lunettes de soleil, foulard\u2026\u00a0Pas de photo de visage de 3\/4. <strong>Ne pas mettre de scan ou photo de votre carte d&rsquo;identit\u00e9 ou passeport.<\/strong><br>Son t\u00e9l\u00e9versement peut se faire depuis un ordinateur ou de votre smartphone aux formats courants (.jpg, .png, .gif ou .pdf), poids maximum de 5 Mo.<br>Cette photo sera utilis\u00e9e pour le trombinoscope. A minima, vous apparaissez obligatoirement dans le trombinoscope avec votre pr\u00e9nom et la premi\u00e8re lettre de votre nom de famille.<br><strong><br>&#8211; Contact d&rsquo;urgence<\/strong><br>Il est n\u00e9cessaire de renseigner les informations li\u00e9es au contact d&rsquo;urgence : pr\u00e9nom, nom et num\u00e9ro de t\u00e9l\u00e9phone.<br>Seul\u00b7e\u00b7s les administrateur\u00b7trice\u00b7s de l&rsquo;association ont acc\u00e8s \u00e0 cette information.<br><br><strong>&#8211; Certificat m\u00e9dical<\/strong><br>POINTENCOEURS n\u2019exige pas de certificat m\u00e9dical pour l\u2019adh\u00e9sion loisir, mais en cas d\u2019accident, c\u2019est votre assurance personnelle sur laquelle vous devrez vous tourner.<br>L\u2019association est affili\u00e9e \u00e0 la F\u00e9d\u00e9ration Sportive LGBT+ (FSLGBT+) mais ne propose pas d\u2019assurance pour le moment.<br><br>Attention\u00a0: les informations relatives \u00e0 votre niveau de jeu et la visibilit\u00e9 de vos donn\u00e9es (cases Oui \/ Non) sont demand\u00e9es uniquement lors de cette phase d&rsquo;inscription.<br><br><strong>LE PAIEMENT DE LA COTISATION<\/strong><br><strong>Le r\u00e8glement de la cotisation est exigible<\/strong>\u00a0<strong>et obligatoire<\/strong> pour que votre inscription soit valid\u00e9e.<br><br>Attention\u00a0:\u00a0par d\u00e9faut, HELLOASSO vous demande un pourboire en plus de votre adh\u00e9sion. Si vous ne voulez pas donner, il suffit de cliquer sur \u00a0\u00bb Modifier \u00a0\u00bb et cocher : \u00ab\u00a0Je ne souhaite pas soutenir HELLOASSO\u00a0\u00bb.<br><br>Le Conseil d&rsquo;Administration de POINTENCOEURS proc\u00e9dera ensuite \u00e0 la v\u00e9rification des dossiers et vous enverra un e-mail de confirmation de votre inscription.<\/p>\n\n\n\n<div class=\"blockart-buttons blockart-buttons-a1ac5327 is-wrap justify-center\">\n<div class=\"blockart-button blockart-button-9fdc64e7 \"><a class=\"blockart-button-link is-large is-style-filled\" href=\"https:\/\/www.helloasso.com\/associations\/pointencoeurs\/adhesions\/pointencoeurs-inscriptions-2025-2026\" target=\"_blank\" rel=\"noopener\">JE M&rsquo;INSCRIS<\/a><\/div>\n<\/div>\n<\/div><\/div>\n<\/div><\/div><\/div>\n\n\n\n<p><\/p>\n","protected":false},"excerpt":{"rendered":"","protected":false},"author":1,"featured_media":0,"parent":0,"menu_order":0,"comment_status":"closed","ping_status":"closed","template":"page-templates\/pagebuilder.php","meta":{"footnotes":""},"class_list":["post-158","page","type-page","status-publish","hentry"],"_links":{"self":[{"href":"https:\/\/pointencoeurs.fr\/index.php\/wp-json\/wp\/v2\/pages\/158","targetHints":{"allow":["GET"]}}],"collection":[{"href":"https:\/\/pointencoeurs.fr\/index.php\/wp-json\/wp\/v2\/pages"}],"about":[{"href":"https:\/\/pointencoeurs.fr\/index.php\/wp-json\/wp\/v2\/types\/page"}],"author":[{"embeddable":true,"href":"https:\/\/pointencoeurs.fr\/index.php\/wp-json\/wp\/v2\/users\/1"}],"replies":[{"embeddable":true,"href":"https:\/\/pointencoeurs.fr\/index.php\/wp-json\/wp\/v2\/comments?post=158"}],"version-history":[{"count":83,"href":"https:\/\/pointencoeurs.fr\/index.php\/wp-json\/wp\/v2\/pages\/158\/revisions"}],"predecessor-version":[{"id":2335,"href":"https:\/\/pointencoeurs.fr\/index.php\/wp-json\/wp\/v2\/pages\/158\/revisions\/2335"}],"wp:attachment":[{"href":"https:\/\/pointencoeurs.fr\/index.php\/wp-json\/wp\/v2\/media?parent=158"}],"curies":[{"name":"wp","href":"https:\/\/api.w.org\/{rel}","templated":true}]}}